What is the tens digit of q?
7
Let f be 3 + (-273)/(6 + -3). Let c = f + 137. What is the units digit of c?
9
Suppose -38 = 2*m - 46. Suppose -m*u + 4 = -92. What is the units digit of u?
4
Let n be (-2)/3 + (-1946)/6. Let d = 471 + n. What is the units digit of d?
6
Let t be 5*(5 - 2)*11. Suppose 2*u - 348 = j - 5*j, u = -5*j + t. Suppose 0*c - u = -5*c. What is the units digit of c?
6
Let r(s) = -27*s**2 + 15*s**2 - 1 + 12*s**2 + 34*s**3. Let m be r(-1). What is the units digit of (-28)/m + 342/10?
5
Let f be -133*(-2 + 3 - 2). Suppose -9*n = 35 + 460. Let j = f + n. What is the units digit of j?
8
Suppose 2*a = 4*a - 16. Let t(i) = -i. Let p be t(a). What is the units digit of 12/p*16/(-6)?
4
Suppose 0 = s + 4*z - 98, -2*s + s - 5*z + 98 = 0. Suppose k - 4*w - s = 0, 2*k - 4*w = 27 + 185. What is the units digit of k?
4
Suppose 0 = -3*h - s + 5*s + 1, -2*h + 2 = -2*s. Suppose -q + 6 = 2*q, h*q = -f + 8. What is the units digit of f?
2
Let g be 69/21 + 8/(-28). Suppose -g*j = 5*b - 251, 2*b = -4*j + 4*b + 352. What is the units digit of j?
7
Let x = 1553 - -320. What is the units digit of x?
3
Suppose -3*u - 3*l - 6 = 0, -5*u + 11 + 15 = -4*l. Suppose -1674 = -5*x - 2*z, -u*x + 687 = 2*z - 7*z. What is the units digit of x?
6
Let m be (-39)/26 + 7/2. Suppose 4*l = -f - 12 - 13, 0 = -m*f - 3*l - 45. Let g = -10 - f. What is the tens digit of g?
1
Suppose 0 = -3*c - 4*z + 779 + 482, -c + 3*z = -416. What is the hundreds digit of c?
4
Let h(a) = -a - 5. Let q be h(-5). Suppose q*s - s = -13. What is the units digit of -5 + s - 1*-2?
0
What is the units digit of -2 + (2417 - -12 - -7)?
4
Suppose -2*m - b + 8 = b, -4*b - 2 = -2*m. Suppose 138 = 2*p - 5*h + 4, -159 = -m*p - 3*h. What is the tens digit of p?
5
Suppose 0*o = -7*o - 0*o. Suppose 7*b - 2*b - 140 = o. What is the tens digit of b?
2
What is the units digit of -36*((-39)/(-26) + (-107)/6)?
8
Let j = 22 - 11. Let i = j - 3. What is the units digit of i?
8
Let q(c) = c**3 + 21*c**2 - 24*c - 21. Let w be q(-22). Let z = w + 32. What is the units digit of z?
5
Suppose -16*v = -158 + 5342. Let r = v - -504. What is the units digit of r?
0
Let h be (16/(-2))/((-100)/51 - -2). Let u = h - -368. What is the hundreds digit of u?
1
Let b(x) = -21 + 1 - 13*x + 3*x. What is the units digit of b(-10)?
0
Suppose 5*r + 34 = -4*p, 6 = 5*p + 5*r + 46. Let x be ((-15)/p)/(-5)*-138. Suppose -x = a - 4*a. What is the units digit of a?
3
Let y(z) = -z**2 - 14*z - 45. Let m be y(-7). Suppose -34 = -a - 2*i + 4*i, 0 = -5*a + m*i + 182. What is the units digit of a?
8
Let f(t) = t**2 + 3*t - 6. Let w be f(-5). Suppose 0*l = w*l. Suppose -2*z + 7*z - 3*k - 71 = l, -z = -5*k - 23. What is the units digit of z?
3
Let g(u) = -u**2 - 6*u - 3. Let j be g(-5). Let t(f) = 4 + f - f**2 - 2 + j + 8. What is the tens digit of t(0)?
1
Let o(n) = 12*n - 3. Suppose -4*z - 53 = -81. What is the units digit of o(z)?
1
Let m(p) = 9*p + 3*p + 6 + 0 + p**2 + 5*p**2. Let l be m(-6). Suppose 0 = -5*n + 5*a + l, 4*n - 6*n + 3*a = -65. What is the units digit of n?
5
Let k be -1*(0 - (-2 + 2)). Let s be 15 - (0 - k - 1). Let y = 37 - s. What is the units digit of y?
1
What is the units digit of 4 + -1 + 1 - (-130 - 3)?
7
Let i(g) = -g**3 + 20*g**2 - 18*g - 15. Let k be i(19). Suppose b + 4*n - 79 = 2*n, k*n = -4*b + 312. What is the tens digit of b?
7
Let f = 1007 + -443. What is the units digit of f?
4
What is the units digit of 6/(-8) + (-278852)/(-368)?
7
Suppose 10*b = 6*b + 8. What is the units digit of 48*(b - (-4)/(-8))?
2
Suppose 1980 - 1521 = v. What is the hundreds digit of v?
4
Suppose -b = -3*o + 4*o - 14, o + 4*b - 26 = 0. Let y be (-2)/(o/4 + -3). Suppose -y*g = -5*g + 47. What is the tens digit of g?
4
Let w(y) be the first derivative of y**4/4 - 10*y**3/3 + 13*y**2 - 2*y + 30. What is the units digit of w(7)?
3
What is the thousands digit of -198*((-4)/6)/(20/240)?
1
What is the units digit of -14*(-7)/(-14) + 1 - -1985?
9
Let j = 76 + -70. Suppose 0 = j*l - l - c - 1010, -l - 4*c + 181 = 0. What is the units digit of l?
1
Let a(i) = 5*i**2 - 9*i + 7. What is the units digit of a(-10)?
7
Suppose -11*l = -2249 - 2184. What is the units digit of l?
3
Let g be 4/6 - 2905/105. Let r = 96 - 41. Let u = g + r. What is the tens digit of u?
2
Let p(i) = 5*i**2 - 8*i - 11. Let u(o) = -9*o**2 + 13*o + 22. Let f(m) = -7*p(m) - 4*u(m). Let w be (-3)/(-2)*(-1 + -5). What is the tens digit of f(w)?
3
Suppose -2*k = -3*c - 2*c - 11, 0 = 2*k - 3*c - 9. Suppose k*q - 4 - 29 = 0. Suppose q*t = 9*t + 52. What is the units digit of t?
6
Let o(h) = -2*h**2 - 10*h + 3. Let f(l) = -l**2 - l. Let b(s) = -4*f(s) + o(s). Let w(j) be the first derivative of b(j). What is the tens digit of w(8)?
2
Let t(a) = -a**3 + 5*a**2 + 3. Let g be t(5). Suppose 144 = g*i - 0*i. Let w = 98 - i. What is the units digit of w?
0
Let c = 53 + -51. Suppose c*p = -4*s + 76, 0*p + 147 = 3*p - 5*s. What is the tens digit of p?
4
Let t = 20 - 4. Let z(a) = a**2 - 5*a - 6. Let d be z(3). Let l = t - d. What is the tens digit of l?
2
Suppose -o + 109 = 4*w, 3*o = w + w - 37. Let l be 408/52 + 4/w. Suppose -4*b + l = -28. What is the units digit of b?
9
Suppose 3*n + 1759 = 7*n - 3*d, 0 = -4*n + 2*d + 1762. What is the units digit of n?
2
Let k be ((-1)/3 - -1) + (-30)/(-9). Suppose -2*l - 68 = -3*y, 4*l = -k*y + 168 - 44. What is the units digit of y?
6
What is the tens digit of (-9)/((-324)/(-456))*(-153)/2?
6
Suppose 3*w - 15171 = 3*v, 2*w - v = 10282 - 166. What is the tens digit of w?
5
Let l(u) = u**2 + 13*u + 3. Let s be l(-12). Let y = -5 - s. What is the units digit of y?
4
Suppose -395 = -5*b + 4*b. What is the hundreds digit of b?
3
Let g = -4 + -2. Let k = 16 + g. What is the units digit of k?
0
Let s(u) be the second derivative of 2*u**3 + 20*u**2 + 16*u. What is the hundreds digit of s(13)?
1
What is the tens digit of (-8)/(-18) + (-497260)/(-423)?
7
Suppose 0 = -60*x + 58*x - 10, o - 1384 = -x. What is the hundreds digit of o?
3
Suppose -6*i + 1543 = -1325. What is the hundreds digit of i?
4
Let d(j) = j**2 - 5*j + 3. Let c = 4 + -2. Let k be d(c). Let m(y) = -2*y**3 - 5*y**2 - 3*y + 7. What is the tens digit of m(k)?
2
Let p be 3 + 1*(3 + -4). Suppose -p*g = -3*w - g - 10, -w = -2*g + 10. What is the units digit of w/(-4) + (-102)/(-12)?
9
Let h(s) be the second derivative of 3*s**4/4 - s**3/6 + 5*s**2 + 31*s. What is the hundreds digit of h(4)?
1
Let m be (-3)/2*(-8)/6*1. What is the tens digit of (-62)/((-3)/12*m)?
2
Suppose -7 + 3 = 3*y + v, 0 = 3*y - 2*v - 8. Suppose 0 = -7*a + 4*a + 2*o + 630, y = -3*a - 5*o + 609. What is the units digit of a?
8
Let k(s) = 53*s**2 + 3. Suppose 0*l - 10 = 5*l. What is the hundreds digit of k(l)?
2
Let v = 1778 + -1040. What is the tens digit of v?
3
Suppose -6 = -0*p - 3*p. What is the units digit of ((-104)/(-2) + -2)/(0 + p)?
5
Let r(h) = -2*h - 16. Let w be r(-8). Suppose w = 5*g - 12 - 3. Suppose -g*j + 5 = m + 2*j, -5*j + 25 = 3*m. What is the tens digit of m?
1
Suppose -4*l + 3*s + 1156 = 0, 0 = 3*l - 3*s - 339 - 525. What is the hundreds digit of l?
2
Let y(m) = 10*m + 14. Let p be y(7). Suppose 0 = -4*z - 4*h + p, -24 = -2*z + 3*h + 13. What is the tens digit of z?
2
Suppose -29 = -5*g + 31. What is the units digit of (-4)/(-16) - (-21)/g?
2
Suppose 0 = 2*b - 10 + 4. Suppose 5*x + b*w = -9, -2*w - 3*w - 15 = 5*x. Suppose 3*a + c = -0*c + 10, a + 2*c + 5 = x. What is the units digit of a?
5
Suppose 4*o - 3*c - 76 = 0, 2*c + 60 = 2*o + 6*c. Suppose -9*l - 3926 = -o*l. What is the hundreds digit of l?
3
Let u(s) = 12*s + 279. What is the units digit of u(39)?
7
Let x be 4 + -2 - (-1 + 1). Suppose -x = -2*o + j + 5, -5 = 2*o + 3*j. Suppose 4*f + f - 92 = -3*g, 60 = o*g + 4*f. What is the tens digit of g?
3
Suppose 0 = 2*a - 2*b - 4086, 31*a - 36*a + 10265 = 5*b. What is the thousands digit of a?
2
Let a be -6 - -3 - (-6)/2. Suppose -i + 10 = -a*i - x, i - 10 = -2*x. What is the units digit of i?
0
Let x = 86 - 61. Let j = x - -40. What is the units digit of j?
5
Let v(b) = b**2 - 6*b. Let l be v(6). Suppose -3*d + 3 = -24. Let i = l + d. What is the units digit of i?
9
Let g = -6181 + 10721. What is the units digit of g?
0
Let p(r) = -r + 25. Let w be p(21). Suppose 0 = -w*t - 103 + 703. What is the units 